{"id":28475,"date":"2025-05-16T21:55:21","date_gmt":"2025-05-16T21:55:21","guid":{"rendered":"https:\/\/www.dreamtechnologie.com\/?post_type=product&#038;p=28475"},"modified":"2025-05-16T21:55:21","modified_gmt":"2025-05-16T21:55:21","slug":"lenovo-thinkpad-l480","status":"publish","type":"product","link":"https:\/\/www.dreamtechnologie.com\/?product=lenovo-thinkpad-l480","title":{"rendered":"LENOVO THINKPAD L480"},"content":{"rendered":"<p class=\"\" data-start=\"2281\" data-end=\"2364\">Le <strong data-start=\"2300\" data-end=\"2317\">ThinkPad L480<\/strong> combine l\u00e9g\u00e8ret\u00e9, autonomie et performance :<\/p>\n<ul data-start=\"2365\" data-end=\"2839\">\n<li class=\"\" data-start=\"2365\" data-end=\"2431\">\n<p class=\"\" data-start=\"2367\" data-end=\"2431\"><strong data-start=\"2367\" data-end=\"2398\">Intel Core i5 8\u1d49 g\u00e9n\u00e9ration<\/strong> pour un multit\u00e2che performant.<\/p>\n<\/li>\n<li class=\"\" data-start=\"2432\" data-end=\"2509\">\n<p class=\"\" data-start=\"2434\" data-end=\"2509\"><strong data-start=\"2434\" data-end=\"2454\">8 Go de RAM DDR4<\/strong> et <strong data-start=\"2458\" data-end=\"2477\">SSD 256 Go NVMe<\/strong> pour r\u00e9activit\u00e9 et fiabilit\u00e9.<\/p>\n<\/li>\n<li class=\"\" data-start=\"2510\" data-end=\"2590\">\n<p class=\"\" data-start=\"2512\" data-end=\"2590\"><strong data-start=\"2512\" data-end=\"2544\">\u00c9cran 14&Prime; Full HD antireflet<\/strong> aux couleurs fid\u00e8les et angle de vue large.<\/p>\n<\/li>\n<li class=\"\" data-start=\"2591\" data-end=\"2677\">\n<p class=\"\" data-start=\"2593\" data-end=\"2677\"><strong data-start=\"2593\" data-end=\"2619\">USB-C (Power Delivery)<\/strong>, HDMI, RJ45 et hub USB 3.1 pour tous vos p\u00e9riph\u00e9riques.<\/p>\n<\/li>\n<li class=\"\" data-start=\"2678\" data-end=\"2773\">\n<p class=\"\" data-start=\"2680\" data-end=\"2773\"><strong data-start=\"2680\" data-end=\"2715\">Lecteur d\u2019empreinte &amp; webcam IR<\/strong> pour une connexion rapide et s\u00e9curis\u00e9e (Windows Hello).<\/p>\n<\/li>\n<li class=\"\" data-start=\"2774\" data-end=\"2839\">\n<p class=\"\" data-start=\"2776\" data-end=\"2839\"><strong data-start=\"2776\" data-end=\"2802\">Autonomie jusqu\u2019\u00e0 10 h<\/strong> et recharge rapide HP Fast Charge.<\/p>\n<\/li>\n<\/ul>\n<blockquote data-start=\"2841\" data-end=\"2917\">\n<p class=\"\" data-start=\"2843\" data-end=\"2917\"><strong data-start=\"2843\" data-end=\"2863\">DreamTechnologie<\/strong> : import France, reconditionn\u00e9 expert, garantie 1 an.<\/p>\n<\/blockquote>\n","protected":false},"excerpt":{"rendered":"<p>LENOVO THINKPAD L480<\/p>\n<ul data-start=\"2365\" data-end=\"2839\">\n<li class=\"\" data-start=\"2365\" data-end=\"2431\">\n<p class=\"\" data-start=\"2367\" data-end=\"2431\"><strong data-start=\"2367\" data-end=\"2398\">Intel Core i5 8\u1d49 g\u00e9n\u00e9ration<\/strong> pour un multit\u00e2che performant.<\/p>\n<\/li>\n<li class=\"\" data-start=\"2432\" data-end=\"2509\">\n<p class=\"\" data-start=\"2434\" data-end=\"2509\"><strong data-start=\"2434\" data-end=\"2454\">8 Go de RAM DDR4<\/strong><\/p>\n<\/li>\n<li class=\"\" data-start=\"2432\" data-end=\"2509\">\n<p class=\"\" data-start=\"2434\" data-end=\"2509\">\u00a0<strong data-start=\"2458\" data-end=\"2477\">SSD 256 Go NVMe<\/strong><\/p>\n<\/li>\n<li class=\"\" data-start=\"2510\" data-end=\"2590\">\n<p class=\"\" data-start=\"2512\" data-end=\"2590\"><strong data-start=\"2512\" data-end=\"2544\">\u00c9cran 14&Prime; Full HD antireflet<\/strong><\/p>\n<\/li>\n<li class=\"\" data-start=\"2591\" data-end=\"2677\">\n<p class=\"\" data-start=\"2593\" data-end=\"2677\"><strong data-start=\"2593\" data-end=\"2619\">USB-C (Power Delivery)<\/strong>,<\/p>\n<\/li>\n<li class=\"\" data-start=\"2591\" data-end=\"2677\">\n<p class=\"\" data-start=\"2593\" data-end=\"2677\"><strong data-start=\"2680\" data-end=\"2715\">Lecteur d\u2019empreinte &amp; webcam IR<\/strong><\/p>\n<\/li>\n<\/ul>\n","protected":false},"featured_media":28481,"comment_status":"open","ping_status":"closed","template":"","meta":[],"product_brand":[54],"product_cat":[114],"product_tag":[],"class_list":{"0":"post-28475","1":"product","2":"type-product","3":"status-publish","4":"has-post-thumbnail","6":"product_brand-lenovo","7":"product_cat-lenovo","9":"first","10":"instock","11":"shipping-taxable","12":"purchasable","13":"product-type-simple"},"_links":{"self":[{"href":"https:\/\/www.dreamtechnologie.com\/index.php?rest_route=\/wp\/v2\/product\/28475","targetHints":{"allow":["GET"]}}],"collection":[{"href":"https:\/\/www.dreamtechnologie.com\/index.php?rest_route=\/wp\/v2\/product"}],"about":[{"href":"https:\/\/www.dreamtechnologie.com\/index.php?rest_route=\/wp\/v2\/types\/product"}],"replies":[{"embeddable":true,"href":"https:\/\/www.dreamtechnologie.com\/index.php?rest_route=%2Fwp%2Fv2%2Fcomments&post=28475"}],"version-history":[{"count":2,"href":"https:\/\/www.dreamtechnologie.com\/index.php?rest_route=\/wp\/v2\/product\/28475\/revisions"}],"predecessor-version":[{"id":28483,"href":"https:\/\/www.dreamtechnologie.com\/index.php?rest_route=\/wp\/v2\/product\/28475\/revisions\/28483"}],"wp:featuredmedia":[{"embeddable":true,"href":"https:\/\/www.dreamtechnologie.com\/index.php?rest_route=\/wp\/v2\/media\/28481"}],"wp:attachment":[{"href":"https:\/\/www.dreamtechnologie.com\/index.php?rest_route=%2Fwp%2Fv2%2Fmedia&parent=28475"}],"wp:term":[{"taxonomy":"product_brand","embeddable":true,"href":"https:\/\/www.dreamtechnologie.com\/index.php?rest_route=%2Fwp%2Fv2%2Fproduct_brand&post=28475"},{"taxonomy":"product_cat","embeddable":true,"href":"https:\/\/www.dreamtechnologie.com\/index.php?rest_route=%2Fwp%2Fv2%2Fproduct_cat&post=28475"},{"taxonomy":"product_tag","embeddable":true,"href":"https:\/\/www.dreamtechnologie.com\/index.php?rest_route=%2Fwp%2Fv2%2Fproduct_tag&post=28475"}],"curies":[{"name":"wp","href":"https:\/\/api.w.org\/{rel}","templated":true}]}}