{"id":28356,"date":"2025-05-10T19:56:49","date_gmt":"2025-05-10T19:56:49","guid":{"rendered":"https:\/\/www.dreamtechnologie.com\/?post_type=product&#038;p=28356"},"modified":"2025-05-10T19:56:49","modified_gmt":"2025-05-10T19:56:49","slug":"calculatrice-scientifique-cs-991es-plus-csiro","status":"publish","type":"product","link":"https:\/\/www.dreamtechnologie.com\/?product=calculatrice-scientifique-cs-991es-plus-csiro","title":{"rendered":"calculatrice scientifique-cs 991es plus Csiro"},"content":{"rendered":"<p class=\"\" data-start=\"379\" data-end=\"533\"><strong data-start=\"379\" data-end=\"432\">calculatrice scientifique-cs 991es plus Csiro<\/strong><\/p>\n<div id=\"attachment_28357\" style=\"width: 310px\" class=\"wp-caption alignright\"><img fetchpriority=\"high\" decoding=\"async\" aria-describedby=\"caption-attachment-28357\" class=\"size-medium wp-image-28357\" src=\"https:\/\/www.dreamtechnologie.com\/wp-content\/uploads\/2025\/05\/1-2-1-300x300.jpg\" alt=\"calculatrice scientifique-cs 991es plus Csiro\" width=\"300\" height=\"300\" srcset=\"https:\/\/www.dreamtechnologie.com\/wp-content\/uploads\/2025\/05\/1-2-1-300x300.jpg 300w, https:\/\/www.dreamtechnologie.com\/wp-content\/uploads\/2025\/05\/1-2-1-150x150.jpg 150w, https:\/\/www.dreamtechnologie.com\/wp-content\/uploads\/2025\/05\/1-2-1-430x430.jpg 430w, https:\/\/www.dreamtechnologie.com\/wp-content\/uploads\/2025\/05\/1-2-1.jpg 680w\" sizes=\"(max-width: 300px) 100vw, 300px\" \/><p id=\"caption-attachment-28357\" class=\"wp-caption-text\">calculatrice scientifique-cs 991es plus Csiro<\/p><\/div>\n<p class=\"\" data-start=\"379\" data-end=\"533\"><strong data-start=\"379\" data-end=\"432\">\u2013 Calculatrice Scientifique Avanc\u00e9e<\/strong><br data-start=\"432\" data-end=\"435\" \/>La CS\u2011991ES PLUS de CSIRO combine polyvalence et pr\u00e9cision pour tous vos besoins math\u00e9matiques\u202f:<\/p>\n<ul data-start=\"535\" data-end=\"1174\">\n<li class=\"\" data-start=\"535\" data-end=\"654\">\n<p class=\"\" data-start=\"537\" data-end=\"654\"> <strong data-start=\"540\" data-end=\"557\">417 fonctions<\/strong> couvrant trigonom\u00e9trie, alg\u00e8bre, calcul matriciel, statistiques, conversions d\u2019unit\u00e9s et plus.<\/p>\n<\/li>\n<li class=\"\" data-start=\"655\" data-end=\"770\">\n<p class=\"\" data-start=\"657\" data-end=\"770\"> <strong data-start=\"660\" data-end=\"680\">Textbook Display<\/strong>\u202f: affichage naturel des formules comme dans les manuels, pour une meilleure lisibilit\u00e9.<\/p>\n<\/li>\n<li class=\"\" data-start=\"771\" data-end=\"859\">\n<p class=\"\" data-start=\"773\" data-end=\"859\"> <strong data-start=\"776\" data-end=\"790\">Dual\u2011power<\/strong>\u202f: solaire et pile int\u00e9gr\u00e9e, autonomie prolong\u00e9e sans interruption.<\/p>\n<\/li>\n<li class=\"\" data-start=\"860\" data-end=\"965\">\n<p class=\"\" data-start=\"862\" data-end=\"965\">\u2699\ufe0f <strong data-start=\"865\" data-end=\"882\">Mode \u00e9quation<\/strong>\u202f: r\u00e9solution d\u2019\u00e9quations polynomiales jusqu\u2019au 4\u1d49 degr\u00e9 et syst\u00e8mes d\u2019\u00e9quations.<\/p>\n<\/li>\n<li class=\"\" data-start=\"966\" data-end=\"1065\">\n<p class=\"\" data-start=\"968\" data-end=\"1065\"> <strong data-start=\"971\" data-end=\"992\">Support fractions<\/strong>\u202f: calculs avec fractions, conversions et simplifications automatiques.<\/p>\n<\/li>\n<li class=\"\" data-start=\"1066\" data-end=\"1174\">\n<p class=\"\" data-start=\"1068\" data-end=\"1174\"> <strong data-start=\"1071\" data-end=\"1080\">Usage<\/strong>\u202f: parfaitement adapt\u00e9e pour le lyc\u00e9e, BTS, classes pr\u00e9paratoires, universit\u00e9 et ing\u00e9nierie.<\/p>\n<\/li>\n<\/ul>\n<blockquote data-start=\"1176\" data-end=\"1325\" data-is-last-node=\"\" data-is-only-node=\"\">\n<p class=\"\" data-start=\"1178\" data-end=\"1325\"><strong data-start=\"1178\" data-end=\"1198\">DreamTechnologie<\/strong> vous propose la CS\u2011991ES PLUS avec garantie 1\u202fan et support technique d\u00e9di\u00e9 pour optimiser votre apprentissage et vos projets.<\/p>\n<\/blockquote>\n","protected":false},"excerpt":{"rendered":"<p><strong data-start=\"58\" data-end=\"122\">Calculatrice Scientifique CS\u2011991ES PLUS (R\u00e9f. CS\u2011991ES\u2011PLUS)<\/strong><br data-start=\"122\" data-end=\"125\" \/>Calculatrice \u00e0 affichage naturel \u201cTextbook Display\u201d avec <strong data-start=\"182\" data-end=\"199\">417 fonctions<\/strong>, fraction, statistique, \u00e9quations et plus. Alimentation solaire + pile. Id\u00e9ale \u00e9tudes sup\u00e9rieures &amp; usage professionnel.<\/p>\n","protected":false},"featured_media":28358,"comment_status":"open","ping_status":"closed","template":"","meta":[],"product_brand":[],"product_cat":[46],"product_tag":[146],"class_list":{"0":"post-28356","1":"product","2":"type-product","3":"status-publish","4":"has-post-thumbnail","6":"product_cat-electroniques","7":"product_tag-csiro991","9":"first","10":"instock","11":"sale","12":"shipping-taxable","13":"purchasable","14":"product-type-simple"},"_links":{"self":[{"href":"https:\/\/www.dreamtechnologie.com\/index.php?rest_route=\/wp\/v2\/product\/28356","targetHints":{"allow":["GET"]}}],"collection":[{"href":"https:\/\/www.dreamtechnologie.com\/index.php?rest_route=\/wp\/v2\/product"}],"about":[{"href":"https:\/\/www.dreamtechnologie.com\/index.php?rest_route=\/wp\/v2\/types\/product"}],"replies":[{"embeddable":true,"href":"https:\/\/www.dreamtechnologie.com\/index.php?rest_route=%2Fwp%2Fv2%2Fcomments&post=28356"}],"version-history":[{"count":1,"href":"https:\/\/www.dreamtechnologie.com\/index.php?rest_route=\/wp\/v2\/product\/28356\/revisions"}],"predecessor-version":[{"id":28359,"href":"https:\/\/www.dreamtechnologie.com\/index.php?rest_route=\/wp\/v2\/product\/28356\/revisions\/28359"}],"wp:featuredmedia":[{"embeddable":true,"href":"https:\/\/www.dreamtechnologie.com\/index.php?rest_route=\/wp\/v2\/media\/28358"}],"wp:attachment":[{"href":"https:\/\/www.dreamtechnologie.com\/index.php?rest_route=%2Fwp%2Fv2%2Fmedia&parent=28356"}],"wp:term":[{"taxonomy":"product_brand","embeddable":true,"href":"https:\/\/www.dreamtechnologie.com\/index.php?rest_route=%2Fwp%2Fv2%2Fproduct_brand&post=28356"},{"taxonomy":"product_cat","embeddable":true,"href":"https:\/\/www.dreamtechnologie.com\/index.php?rest_route=%2Fwp%2Fv2%2Fproduct_cat&post=28356"},{"taxonomy":"product_tag","embeddable":true,"href":"https:\/\/www.dreamtechnologie.com\/index.php?rest_route=%2Fwp%2Fv2%2Fproduct_tag&post=28356"}],"curies":[{"name":"wp","href":"https:\/\/api.w.org\/{rel}","templated":true}]}}