{"id":28100,"date":"2025-04-19T16:18:40","date_gmt":"2025-04-19T16:18:40","guid":{"rendered":"https:\/\/www.dreamtechnologie.com\/?post_type=product&#038;p=28100"},"modified":"2025-04-19T16:18:40","modified_gmt":"2025-04-19T16:18:40","slug":"dell-latitude-3420","status":"publish","type":"product","link":"https:\/\/www.dreamtechnologie.com\/?product=dell-latitude-3420","title":{"rendered":"Dell Latitude 3420"},"content":{"rendered":"<p class=\"\" data-start=\"793\" data-end=\"874\"><strong data-start=\"793\" data-end=\"874\">Dell Latitude 3420 \u2013 Efficacit\u00e9 et mobilit\u00e9 pour les professionnels exigeants<\/strong><\/p>\n<p class=\"\" data-start=\"876\" data-end=\"997\"><span class=\"relative -mx-px my-[-0.2rem] rounded px-px py-[0.2rem] transition-colors duration-100 ease-in-out\">Le <strong data-start=\"3\" data-end=\"25\">Dell Latitude 3420<\/strong> est con\u00e7u pour offrir une performance op<\/span><\/p>\n<div id=\"attachment_28103\" style=\"width: 310px\" class=\"wp-caption alignright\"><img fetchpriority=\"high\" decoding=\"async\" aria-describedby=\"caption-attachment-28103\" class=\"size-medium wp-image-28103\" src=\"https:\/\/www.dreamtechnologie.com\/wp-content\/uploads\/2025\/04\/dell-latitude-3420-i5-1135g7-32go-256go-ssd-3_600x600-300x300.jpg\" alt=\"Dell Latitude 3420\" width=\"300\" height=\"300\" srcset=\"https:\/\/www.dreamtechnologie.com\/wp-content\/uploads\/2025\/04\/dell-latitude-3420-i5-1135g7-32go-256go-ssd-3_600x600-300x300.jpg 300w, https:\/\/www.dreamtechnologie.com\/wp-content\/uploads\/2025\/04\/dell-latitude-3420-i5-1135g7-32go-256go-ssd-3_600x600-150x150.jpg 150w, https:\/\/www.dreamtechnologie.com\/wp-content\/uploads\/2025\/04\/dell-latitude-3420-i5-1135g7-32go-256go-ssd-3_600x600-430x430.jpg 430w, https:\/\/www.dreamtechnologie.com\/wp-content\/uploads\/2025\/04\/dell-latitude-3420-i5-1135g7-32go-256go-ssd-3_600x600.jpg 600w\" sizes=\"(max-width: 300px) 100vw, 300px\" \/><p id=\"caption-attachment-28103\" class=\"wp-caption-text\">Dell Latitude 3420<\/p><\/div>\n<p class=\"\" data-start=\"876\" data-end=\"997\"><span class=\"relative -mx-px my-[-0.2rem] rounded px-px py-[0.2rem] transition-colors duration-100 ease-in-out\">timale aux professionnels en d\u00e9placement.<\/span> <span class=\"relative -mx-px my-[-0.2rem] rounded px-px py-[0.2rem] transition-colors duration-100 ease-in-out\">Dot\u00e9 d\u2019un <strong data-start=\"10\" data-end=\"47\">processeur Intel\u00ae Core\u2122 i5-1135G7<\/strong> de 11\u1d49 g\u00e9n\u00e9ration, de <strong data-start=\"70\" data-end=\"90\">8\u202fGo de RAM DDR4<\/strong> et d\u2019un <strong data-start=\"99\" data-end=\"121\">SSD NVMe de 256\u202fGo<\/strong>, il garantit une r\u00e9activit\u00e9 exceptionnelle pour toutes vos t\u00e2ches quotidiennes.<\/span>\u200b<\/p>\n<p class=\"\" data-start=\"999\" data-end=\"1084\"><span class=\"relative -mx-px my-[-0.2rem] rounded px-px py-[0.2rem] transition-colors duration-100 ease-in-out\">Son <strong data-start=\"4\" data-end=\"34\">\u00e9cran de 14 pouces Full HD<\/strong> anti-reflets offre un confort visuel remarquable, tandis que la <strong data-start=\"99\" data-end=\"132\">carte graphique Intel Iris Xe<\/strong> assure une qualit\u00e9 graphique sup\u00e9rieure, id\u00e9ale pour le multit\u00e2che et les applications graphiques.<\/span>\u200b<\/p>\n<p class=\"\" data-start=\"1086\" data-end=\"1211\"><span class=\"relative -mx-px my-[-0.2rem] rounded px-px py-[0.2rem] transition-colors duration-100 ease-in-out\">Avec <strong data-start=\"5\" data-end=\"23\">Windows 11 Pro<\/strong>, b\u00e9n\u00e9ficiez d\u2019un environnement s\u00e9curis\u00e9 et professionnel.<\/span> <span class=\"relative -mx-px my-[-0.2rem] rounded px-px py-[0.2rem] transition-colors duration-100 ease-in-out\">Son design \u00e9l\u00e9gant et son poids l\u00e9ger d\u2019environ 1,52\u202fkg en font un compagnon de choix pour les professionnels mobiles.<\/span><\/p>\n","protected":false},"excerpt":{"rendered":"<p class=\"\" data-start=\"212\" data-end=\"290\"><strong data-start=\"212\" data-end=\"290\">\u2714\ufe0f Dell Latitude 3420 \u2013 Performance et portabilit\u00e9 pour les professionnels<\/strong><\/p>\n<ul data-start=\"292\" data-end=\"737\">\n<li class=\"\" data-start=\"292\" data-end=\"351\">\n<p class=\"\" data-start=\"294\" data-end=\"351\"> <strong data-start=\"297\" data-end=\"313\">Processeur :<\/strong> <span class=\"relative -mx-px my-[-0.2rem] rounded px-px py-[0.2rem] transition-colors duration-100 ease-in-out\">Intel\u00ae Core\u2122 i5-1135G7 (11\u1d49 g\u00e9n\u00e9ration, jusqu\u2019\u00e0 4,2 GHz)<\/span><\/p>\n<\/li>\n<li class=\"\" data-start=\"352\" data-end=\"408\">\n<p class=\"\" data-start=\"354\" data-end=\"408\"> <strong data-start=\"357\" data-end=\"370\">M\u00e9moire :<\/strong> <span class=\"relative -mx-px my-[-0.2rem] rounded px-px py-[0.2rem] transition-colors duration-100 ease-in-out\">8\u202fGo DDR4 3200 MHz<\/span><\/p>\n<\/li>\n<li class=\"\" data-start=\"409\" data-end=\"466\">\n<p class=\"\" data-start=\"411\" data-end=\"466\"> <strong data-start=\"414\" data-end=\"428\">Stockage :<\/strong> <span class=\"relative -mx-px my-[-0.2rem] rounded px-px py-[0.2rem] transition-colors duration-100 ease-in-out\">SSD NVMe 256\u202fGo<\/span><\/p>\n<\/li>\n<li class=\"\" data-start=\"467\" data-end=\"521\">\n<p class=\"\" data-start=\"469\" data-end=\"521\"> <strong data-start=\"472\" data-end=\"483\">\u00c9cran :<\/strong> <span class=\"relative -mx-px my-[-0.2rem] rounded px-px py-[0.2rem] transition-colors duration-100 ease-in-out\">14&Prime; Full HD (1920 x 1080) anti-reflets<\/span><\/p>\n<\/li>\n<li class=\"\" data-start=\"522\" data-end=\"581\">\n<p class=\"\" data-start=\"524\" data-end=\"581\"> <strong data-start=\"527\" data-end=\"543\">Graphiques :<\/strong> <span class=\"relative -mx-px my-[-0.2rem] rounded px-px py-[0.2rem] transition-colors duration-100 ease-in-out\">Intel Iris Xe Graphics<\/span><\/p>\n<\/li>\n<li class=\"\" data-start=\"582\" data-end=\"638\">\n<p class=\"\" data-start=\"584\" data-end=\"638\"> <strong data-start=\"587\" data-end=\"600\">Syst\u00e8me :<\/strong> <span class=\"relative -mx-px my-[-0.2rem] rounded px-px py-[0.2rem] transition-colors duration-100 ease-in-out\">Windows 11 Pro<\/span><\/p>\n<\/li>\n<li class=\"\" data-start=\"639\" data-end=\"737\">\n<p class=\"\" data-start=\"641\" data-end=\"737\"> <strong data-start=\"644\" data-end=\"655\">Poids :<\/strong> <span class=\"relative -mx-px my-[-0.2rem] rounded px-px py-[0.2rem] transition-colors duration-100 ease-in-out\">Environ 1,52\u202fkg<\/span><\/p>\n<\/li>\n<\/ul>\n","protected":false},"featured_media":28103,"comment_status":"open","ping_status":"closed","template":"","meta":[],"product_brand":[105],"product_cat":[113],"product_tag":[126],"class_list":{"0":"post-28100","1":"product","2":"type-product","3":"status-publish","4":"has-post-thumbnail","6":"product_brand-dell","7":"product_cat-dell","8":"product_tag-126","10":"first","11":"instock","12":"sale","13":"shipping-taxable","14":"purchasable","15":"product-type-simple"},"_links":{"self":[{"href":"https:\/\/www.dreamtechnologie.com\/index.php?rest_route=\/wp\/v2\/product\/28100","targetHints":{"allow":["GET"]}}],"collection":[{"href":"https:\/\/www.dreamtechnologie.com\/index.php?rest_route=\/wp\/v2\/product"}],"about":[{"href":"https:\/\/www.dreamtechnologie.com\/index.php?rest_route=\/wp\/v2\/types\/product"}],"replies":[{"embeddable":true,"href":"https:\/\/www.dreamtechnologie.com\/index.php?rest_route=%2Fwp%2Fv2%2Fcomments&post=28100"}],"version-history":[{"count":2,"href":"https:\/\/www.dreamtechnologie.com\/index.php?rest_route=\/wp\/v2\/product\/28100\/revisions"}],"predecessor-version":[{"id":28107,"href":"https:\/\/www.dreamtechnologie.com\/index.php?rest_route=\/wp\/v2\/product\/28100\/revisions\/28107"}],"wp:featuredmedia":[{"embeddable":true,"href":"https:\/\/www.dreamtechnologie.com\/index.php?rest_route=\/wp\/v2\/media\/28103"}],"wp:attachment":[{"href":"https:\/\/www.dreamtechnologie.com\/index.php?rest_route=%2Fwp%2Fv2%2Fmedia&parent=28100"}],"wp:term":[{"taxonomy":"product_brand","embeddable":true,"href":"https:\/\/www.dreamtechnologie.com\/index.php?rest_route=%2Fwp%2Fv2%2Fproduct_brand&post=28100"},{"taxonomy":"product_cat","embeddable":true,"href":"https:\/\/www.dreamtechnologie.com\/index.php?rest_route=%2Fwp%2Fv2%2Fproduct_cat&post=28100"},{"taxonomy":"product_tag","embeddable":true,"href":"https:\/\/www.dreamtechnologie.com\/index.php?rest_route=%2Fwp%2Fv2%2Fproduct_tag&post=28100"}],"curies":[{"name":"wp","href":"https:\/\/api.w.org\/{rel}","templated":true}]}}