{"id":27983,"date":"2025-04-13T23:20:17","date_gmt":"2025-04-13T23:20:17","guid":{"rendered":"https:\/\/www.dreamtechnologie.com\/?post_type=product&#038;p=27983"},"modified":"2025-04-18T18:12:35","modified_gmt":"2025-04-18T18:12:35","slug":"tablette-pc-hp-x2-210-g2","status":"publish","type":"product","link":"https:\/\/www.dreamtechnologie.com\/?product=tablette-pc-hp-x2-210-g2","title":{"rendered":"Tablette PC HP X2 210 G2"},"content":{"rendered":"<h1 class=\"product_title entry-title wd-entities-title\">Tablette PC HP X2 210 G2<\/h1>\n<p>L\u2019ordinateur portable hybride HP x2 210 G2 2TS65EA offre une combinaison d\u2019efficacit\u00e9 et de flexibilit\u00e9 gr\u00e2ce \u00e0 son \u00e9cran tactile d\u00e9tachable et orientable.<\/p>\n<ul>\n<li><strong>\u00c9cran tactile d\u00e9tachable et orientable :<\/strong>\u00a0La possibilit\u00e9 de d\u00e9tacher l\u2019\u00e9cran offre une\u00a0transition facile entre un ordinateur portable traditionnel et une tablette. Cette fonctionnalit\u00e9 est id\u00e9ale pour les professionnels qui ont besoin de la portabilit\u00e9 d\u2019une tablette pour des r\u00e9unions ou des travaux sur le terrain, tout en ayant \u00e9galement besoin des fonctionnalit\u00e9s d\u2019un ordinateur portable.<\/li>\n<li><strong>Performances g\u00e9n\u00e9rales :<\/strong>\n<ul>\n<li><strong>Processeur :<\/strong>\u00a0Le processeur Quad-Core Intel Atom x5-Z8320 devrait fournir des performances d\u00e9centes pour des t\u00e2ches courantes et des applications l\u00e9g\u00e8res. Cependant, il peut ne pas \u00eatre aussi puissant que les processeurs de certaines gammes plus \u00e9lev\u00e9es.<\/li>\n<li><strong><br \/>\nM\u00e9moire vive :<\/strong>\u00a0Avec 4 Go de m\u00e9moire DDR3L, l\u2019ordinateur devrait \u00eatre capable de g\u00e9rer plusieurs applications en m\u00eame temps et d\u2019assurer une exp\u00e9rience utilisateur fluide pour des t\u00e2ches standard.<\/li>\n<li><strong>Stockage :<\/strong>\u00a0Le stockage Flash eMMC de 128 Go offre une capacit\u00e9 de stockage raisonnable et des vitesses de lecture\/\u00e9criture plus rapides par rapport \u00e0 certains disques durs traditionnels. Cependant, il peut \u00eatre limit\u00e9 si vous avez besoin de beaucoup d\u2019espace pour des fichiers volumineux.<\/li>\n<\/ul>\n<\/li>\n<li><strong>Modes d\u2019utilisation vari\u00e9s :<\/strong>\n<ul>\n<li>\n<ul>\n<li><strong>Mode \u00e9criture :<\/strong>\u00a0Id\u00e9al pour cr\u00e9er du contenu, r\u00e9diger des documents ou compl\u00e9ter des propositions. Un stylet compatible peut \u00e9galement enrichir cette exp\u00e9rience.<\/li>\n<li><strong>Mode partage :<\/strong>\u00a0Facilite la visualisation et le partage de documents avec les coll\u00e8gues, particuli\u00e8rement utile pour les \u00e9quipes commerciales mobiles ou lors de r\u00e9unions.<\/li>\n<li><strong>Mode surveillance :<\/strong>\u00a0Permet de garder un \u0153il sur des donn\u00e9es ou des flux en continu, utile pour les professionnels sur le terrain ou pour surveiller des processus.<\/li>\n<\/ul>\n<\/li>\n<\/ul>\n<p><strong>\u00a0<\/strong><\/li>\n<li><strong>Charni\u00e8re ajustable jusqu\u2019\u00e0 135\u00b0 :<\/strong>\u00a0Cela offre une grande flexibilit\u00e9 pour positionner l\u2019\u00e9cran \u00e0 l\u2019angle de vue optimal, que ce soit pour des pr\u00e9sentations ou pour un travail individuel.<\/li>\n<li><strong>Utilisation polyvalente :<\/strong>\u00a0L\u2019appareil est con\u00e7u pour g\u00e9rer une vari\u00e9t\u00e9 de t\u00e2ches professionnelles, de la gestion des e-mails \u00e0 la cr\u00e9ation et au partage de contenu.<\/li>\n<li><strong>Id\u00e9al pour divers professionnels :<\/strong>\n<ul>\n<li><strong>Pour le bureau :<\/strong>\u00a0Convient aux t\u00e2ches quotidiennes comme la r\u00e9daction de documents, la gestion des e-mails, et la participation \u00e0 des vid\u00e9oconf\u00e9rences.<\/li>\n<li><strong>Pour les \u00e9quipes commerciales mobiles :<\/strong>\u00a0L\u00e9ger et portable, il facilite les pr\u00e9sentations et l\u2019acc\u00e8s rapide aux informations lors des d\u00e9placements.<\/li>\n<li><strong>Pour les professionnels sur le terrain :<\/strong>\u00a0Sa robustesse et sa polyvalence le rendent adapt\u00e9 \u00e0 un environnement ext\u00e9rieur ou sur site.<\/li>\n<\/ul>\n<\/li>\n<li><strong>Portabilit\u00e9 et praticit\u00e9 :<\/strong>\u00a0Le design l\u00e9ger et compact le rend facile \u00e0 transporter, ce qui est un avantage majeur pour les professionnels qui se d\u00e9placent fr\u00e9quemment.<\/li>\n<\/ul>\n","protected":false},"excerpt":{"rendered":"<div class=\"vc_row wpb_row vc_inner vc_row-fluid\">\n<div class=\"wpb_column vc_column_container vc_col-sm-12 wd-rs-67774fa6e225c\">\n<div class=\"vc_column-inner\">\n<div class=\"wpb_wrapper\">\n<div class=\"wd-single-title wd-wpb wd-rs-6775e6c1957b6 wd-enabled-width vc_custom_1735780068958 text-left\">\n<h1 class=\"product_title entry-title wd-entities-title\">Tablette PC HP X2 210 G2<\/h1>\n<\/div>\n<\/div>\n<\/div>\n<\/div>\n<\/div>\n<div class=\"wd-single-short-desc wd-wpb wd-rs-6775e2d8a892e vc_custom_1735779045555 text-left\">\n<div class=\"woocommerce-product-details__short-description\">\n<h4><strong>PC Tablette HP X2 210 G2 (L5G91EA) <\/strong><\/h4>\n<ul>\n<li>Intel Atom x5-Z8350 (4 c\u0153urs x 1.44-1.92 GHz)<\/li>\n<li>4 Go LPDDR3 \u2013 1866 MHz<\/li>\n<li>128 Go (eMMC)<\/li>\n<li>Intel HD Graphics (Cherry Trail)<\/li>\n<li>\u00c9cran tactile 10.1\u2033 LCD \u2013 IPS (anti-reflets) 1280 x 800 pixels (16\/10)<\/li>\n<li>Windows 10 Pro<\/li>\n<li>Clavier amovible inclus<\/li>\n<\/ul>\n<\/div>\n<\/div>\n","protected":false},"featured_media":27987,"comment_status":"open","ping_status":"closed","template":"","meta":[],"product_brand":[53],"product_cat":[112],"product_tag":[107],"class_list":{"0":"post-27983","1":"product","2":"type-product","3":"status-publish","4":"has-post-thumbnail","6":"product_brand-hp","7":"product_cat-hp","8":"product_tag-x210","10":"first","11":"instock","12":"sale","13":"shipping-taxable","14":"purchasable","15":"product-type-simple"},"_links":{"self":[{"href":"https:\/\/www.dreamtechnologie.com\/index.php?rest_route=\/wp\/v2\/product\/27983","targetHints":{"allow":["GET"]}}],"collection":[{"href":"https:\/\/www.dreamtechnologie.com\/index.php?rest_route=\/wp\/v2\/product"}],"about":[{"href":"https:\/\/www.dreamtechnologie.com\/index.php?rest_route=\/wp\/v2\/types\/product"}],"replies":[{"embeddable":true,"href":"https:\/\/www.dreamtechnologie.com\/index.php?rest_route=%2Fwp%2Fv2%2Fcomments&post=27983"}],"version-history":[{"count":2,"href":"https:\/\/www.dreamtechnologie.com\/index.php?rest_route=\/wp\/v2\/product\/27983\/revisions"}],"predecessor-version":[{"id":27989,"href":"https:\/\/www.dreamtechnologie.com\/index.php?rest_route=\/wp\/v2\/product\/27983\/revisions\/27989"}],"wp:featuredmedia":[{"embeddable":true,"href":"https:\/\/www.dreamtechnologie.com\/index.php?rest_route=\/wp\/v2\/media\/27987"}],"wp:attachment":[{"href":"https:\/\/www.dreamtechnologie.com\/index.php?rest_route=%2Fwp%2Fv2%2Fmedia&parent=27983"}],"wp:term":[{"taxonomy":"product_brand","embeddable":true,"href":"https:\/\/www.dreamtechnologie.com\/index.php?rest_route=%2Fwp%2Fv2%2Fproduct_brand&post=27983"},{"taxonomy":"product_cat","embeddable":true,"href":"https:\/\/www.dreamtechnologie.com\/index.php?rest_route=%2Fwp%2Fv2%2Fproduct_cat&post=27983"},{"taxonomy":"product_tag","embeddable":true,"href":"https:\/\/www.dreamtechnologie.com\/index.php?rest_route=%2Fwp%2Fv2%2Fproduct_tag&post=27983"}],"curies":[{"name":"wp","href":"https:\/\/api.w.org\/{rel}","templated":true}]}}